{"id":117,"date":"2023-12-18T09:24:04","date_gmt":"2023-12-18T09:24:04","guid":{"rendered":"https:\/\/www.ohoho.pl\/?post_type=product&#038;p=117"},"modified":"2024-04-09T11:42:05","modified_gmt":"2024-04-09T11:42:05","slug":"bluza-b35-m-colorsmosaic","status":"publish","type":"product","link":"https:\/\/www.ohoho.pl\/index.php\/produkt\/bluza-b35-m-colorsmosaic\/","title":{"rendered":"Bluza Celia M &#8211; ColorsMosaic"},"content":{"rendered":"<p><strong>Instrukcja piel\u0119gnacji:\u00a0<\/strong>Aby zachowa\u0107 intensywno\u015b\u0107 kolor\u00f3w i kszta\u0142t bluzy, zalecamy pranie na lewej stronie w temperaturze max 40\u00b0C z podobnymi kolorami. Nie nale\u017cy stosowa\u0107 wybielaczy ani suszy\u0107 w suszarce b\u0119bnowej.<\/p>\n","protected":false},"excerpt":{"rendered":"<div><\/div>\n<div class=\"u-text-wrap\"><span class=\"web_ui__Text__text web_ui__Text__body web_ui__Text__left web_ui__Text__format\">Obni\u017cona linia ramion <\/span><\/div>\n<div class=\"u-text-wrap\"><span class=\"web_ui__Text__text web_ui__Text__body web_ui__Text__left web_ui__Text__format\">Rozmiar <\/span>M \/ 38 \/ 10<\/div>\n<div><\/div>\n<div>Bluza uszyta jest z bawe\u0142ny (95%) z dodatkiem elastanu (5%).<\/div>\n<div><\/div>\n<div><strong>O materiale:<\/strong><\/div>\n<div><\/div>\n<div>Dres\u00f3wka, stworzona z wysokiej jako\u015bci bawe\u0142nianej prz\u0119dzy o p\u0119telkowej strukturze, prezentuje si\u0119 nie tylko trwa\u0142o\u015bci\u0105, ale r\u00f3wnie\u017c wyj\u0105tkow\u0105 intensywno\u015bci\u0105 kolor\u00f3w dzi\u0119ki nadrukowi cyfrowemu. Dodatkowo, dzi\u0119ki procesowi dodatkowego zmi\u0119kczania, materia\u0142 zachwyca nie tylko trwa\u0142o\u015bci\u0105, ale tak\u017ce nadzwyczajn\u0105 mi\u0119kko\u015bci\u0105, zapewniaj\u0105c niezapomniane doznania w ka\u017cdym kontakcie.<\/div>\n","protected":false},"featured_media":118,"comment_status":"closed","ping_status":"closed","template":"","meta":[],"product_brand":[],"product_cat":[22],"product_tag":[33,34,32,59,39],"class_list":{"0":"post-117","1":"product","2":"type-product","3":"status-publish","4":"has-post-thumbnail","6":"product_cat-bluzy-dorosli","7":"product_tag-bez-kaptura","8":"product_tag-bez-zamka","9":"product_tag-bluza","10":"product_tag-celia","11":"product_tag-colorsmosaic","12":"pa_color-colorsmosaic","13":"pa_kaptur-bez-kaptura","14":"pa_kieszenie-bez-kieszeni","15":"pa_zamek-bez-zamka","17":"first","18":"onbackorder","19":"shipping-taxable","20":"purchasable","21":"product-type-simple"},"jetpack_sharing_enabled":true,"_links":{"self":[{"href":"https:\/\/www.ohoho.pl\/index.php\/wp-json\/wp\/v2\/product\/117","targetHints":{"allow":["GET"]}}],"collection":[{"href":"https:\/\/www.ohoho.pl\/index.php\/wp-json\/wp\/v2\/product"}],"about":[{"href":"https:\/\/www.ohoho.pl\/index.php\/wp-json\/wp\/v2\/types\/product"}],"replies":[{"embeddable":true,"href":"https:\/\/www.ohoho.pl\/index.php\/wp-json\/wp\/v2\/comments?post=117"}],"wp:featuredmedia":[{"embeddable":true,"href":"https:\/\/www.ohoho.pl\/index.php\/wp-json\/wp\/v2\/media\/118"}],"wp:attachment":[{"href":"https:\/\/www.ohoho.pl\/index.php\/wp-json\/wp\/v2\/media?parent=117"}],"wp:term":[{"taxonomy":"product_brand","embeddable":true,"href":"https:\/\/www.ohoho.pl\/index.php\/wp-json\/wp\/v2\/product_brand?post=117"},{"taxonomy":"product_cat","embeddable":true,"href":"https:\/\/www.ohoho.pl\/index.php\/wp-json\/wp\/v2\/product_cat?post=117"},{"taxonomy":"product_tag","embeddable":true,"href":"https:\/\/www.ohoho.pl\/index.php\/wp-json\/wp\/v2\/product_tag?post=117"}],"curies":[{"name":"wp","href":"https:\/\/api.w.org\/{rel}","templated":true}]}}