{"id":345,"date":"2024-02-15T07:44:11","date_gmt":"2024-02-15T07:44:11","guid":{"rendered":"https:\/\/www.ohoho.pl\/?post_type=product&#038;p=345"},"modified":"2024-04-09T11:39:11","modified_gmt":"2024-04-09T11:39:11","slug":"bluza-oversize-s-m-akwarelowekwiaty","status":"publish","type":"product","link":"https:\/\/www.ohoho.pl\/index.php\/produkt\/bluza-oversize-s-m-akwarelowekwiaty\/","title":{"rendered":"Bluza Oversize S\/M &#8211; AkwareloweKwiaty"},"content":{"rendered":"<p><strong>Cechy produktu:<\/strong><\/p>\n<ul>\n<li><strong>Wz\u00f3r:<\/strong> Zar\u00f3wno prz\u00f3d i ty\u0142 bluzy uszyte z dw\u00f3ch r\u00f3\u017cnych wzor\u00f3w materia\u0142\u00f3w. G\u0142adki pomara\u0144czowy \u0142\u0105czy si\u0119 idealnie ze wzorem AkwareloweKwiaty, co tworzy niepowtarzalny efekt wizualny.<\/li>\n<li><strong>Materia\u0142:<\/strong> Wygodna i mi\u0119kka tkanina zapewniaj\u0105ca ciep\u0142o i komfort w ch\u0142odniejsze dni.<\/li>\n<li><strong>Kaptur:<\/strong> Przestronny kaptur w kolorze bluzy z podszewk\u0105, idealny na wietrzne i deszczowe pogody.<\/li>\n<li><strong>Kr\u00f3j:<\/strong> Lu\u017any fason z \u015bci\u0105gaczami na dole i przy r\u0119kawach dla lepszego dopasowania i utrzymania ciep\u0142a.<\/li>\n<li><strong>Styl:<\/strong> Bluza doskona\u0142a na co dzie\u0144, zar\u00f3wno do jeans\u00f3w, jak i sportowych spodni. Dodaje koloru i energii do ka\u017cdego stroju.<\/li>\n<li><strong>Rozmiary:<\/strong> Dost\u0119pna w r\u00f3\u017cnych rozmiarach, prosimy o sprawdzenie naszej tabeli rozmiar\u00f3w, aby znale\u017a\u0107 idealne dopasowanie.<\/li>\n<\/ul>\n<p><strong>Instrukcja piel\u0119gnacji:<\/strong><\/p>\n<ul>\n<li>Pra\u0107 w pralce w temperaturze do 30\u00b0C z podobnymi kolorami.<\/li>\n<li>Nie wybiela\u0107.<\/li>\n<li>Suszy\u0107 w stanie roz\u0142o\u017conym lub na wieszaku.<\/li>\n<li>Prasowa\u0107 w niskiej temperaturze<\/li>\n<\/ul>\n","protected":false},"excerpt":{"rendered":"<p>O\u017cyw swoj\u0105 garderob\u0119 nasz\u0105 bluz\u0105 &#8222;AkwareloweKwiaty&#8221; \u2013 idealn\u0105 dla kochaj\u0105cych natur\u0119 i kolor. Ta wyj\u0105tkowa bluza z kapturem \u0142\u0105czy intensywny, jednolity kolor z przepi\u0119knym, pe\u0142nym kwiat\u00f3w wzorem, tworz\u0105c prawdziwe arcydzie\u0142o. Dodaj swojemu stylowi odrobin\u0119 magii i wyr\u00f3\u017cnij si\u0119 w t\u0142umie z tym wyj\u0105tkowym elementem ubioru.<\/p>\n","protected":false},"featured_media":300,"comment_status":"closed","ping_status":"closed","template":"","meta":[],"product_brand":[],"product_cat":[22],"product_tag":[76,34,32,57,40],"class_list":{"0":"post-345","1":"product","2":"type-product","3":"status-publish","4":"has-post-thumbnail","6":"product_cat-bluzy-dorosli","7":"product_tag-akwarelowekwiaty","8":"product_tag-bez-zamka","9":"product_tag-bluza","10":"product_tag-oversize","11":"product_tag-z-kapturem","12":"pa_color-akwarelowekwiaty","13":"pa_kaptur-z-kapturem","14":"pa_kieszenie-bez-kieszeni","15":"pa_zamek-bez-zamka","17":"first","18":"onbackorder","19":"shipping-taxable","20":"purchasable","21":"product-type-simple"},"jetpack_sharing_enabled":true,"_links":{"self":[{"href":"https:\/\/www.ohoho.pl\/index.php\/wp-json\/wp\/v2\/product\/345","targetHints":{"allow":["GET"]}}],"collection":[{"href":"https:\/\/www.ohoho.pl\/index.php\/wp-json\/wp\/v2\/product"}],"about":[{"href":"https:\/\/www.ohoho.pl\/index.php\/wp-json\/wp\/v2\/types\/product"}],"replies":[{"embeddable":true,"href":"https:\/\/www.ohoho.pl\/index.php\/wp-json\/wp\/v2\/comments?post=345"}],"wp:featuredmedia":[{"embeddable":true,"href":"https:\/\/www.ohoho.pl\/index.php\/wp-json\/wp\/v2\/media\/300"}],"wp:attachment":[{"href":"https:\/\/www.ohoho.pl\/index.php\/wp-json\/wp\/v2\/media?parent=345"}],"wp:term":[{"taxonomy":"product_brand","embeddable":true,"href":"https:\/\/www.ohoho.pl\/index.php\/wp-json\/wp\/v2\/product_brand?post=345"},{"taxonomy":"product_cat","embeddable":true,"href":"https:\/\/www.ohoho.pl\/index.php\/wp-json\/wp\/v2\/product_cat?post=345"},{"taxonomy":"product_tag","embeddable":true,"href":"https:\/\/www.ohoho.pl\/index.php\/wp-json\/wp\/v2\/product_tag?post=345"}],"curies":[{"name":"wp","href":"https:\/\/api.w.org\/{rel}","templated":true}]}}