{"id":97,"date":"2023-12-18T08:00:24","date_gmt":"2023-12-18T08:00:24","guid":{"rendered":"https:\/\/www.ohoho.pl\/?post_type=product&#038;p=97"},"modified":"2024-04-09T11:42:41","modified_gmt":"2024-04-09T11:42:41","slug":"97","status":"publish","type":"product","link":"https:\/\/www.ohoho.pl\/index.php\/produkt\/97\/","title":{"rendered":"Bluza Celia M &#8211; NewJungle"},"content":{"rendered":"","protected":false},"excerpt":{"rendered":"<div>\n<h2 class=\"web_ui__Text__text web_ui__Text__title web_ui__Text__left\">Bluza handmade M<\/h2>\n<\/div>\n<div class=\"u-text-wrap\"><span class=\"web_ui__Text__text web_ui__Text__body web_ui__Text__left web_ui__Text__format\">Obni\u017cona linia ramion <\/span><\/div>\n<div class=\"u-text-wrap\"><span class=\"web_ui__Text__text web_ui__Text__body web_ui__Text__left web_ui__Text__format\">Rozmiar <\/span>M \/ 38 \/ 10<\/div>\n<div><\/div>\n<div>Bluza uszyta jest z bawe\u0142ny (95%) z dodatkiem elastanu (5%).<\/div>\n<div><\/div>\n<div><strong>O materiale:<\/strong><\/div>\n<div><\/div>\n<div>Dres\u00f3wka, stworzona z wysokiej jako\u015bci bawe\u0142nianej prz\u0119dzy o p\u0119telkowej strukturze, prezentuje si\u0119 nie tylko trwa\u0142o\u015bci\u0105, ale r\u00f3wnie\u017c wyj\u0105tkow\u0105 intensywno\u015bci\u0105 kolor\u00f3w dzi\u0119ki nadrukowi cyfrowemu. Dodatkowo, dzi\u0119ki procesowi dodatkowego zmi\u0119kczania, materia\u0142 zachwyca nie tylko trwa\u0142o\u015bci\u0105, ale tak\u017ce nadzwyczajn\u0105 mi\u0119kko\u015bci\u0105, zapewniaj\u0105c niezapomniane doznania w ka\u017cdym kontakcie<\/div>\n","protected":false},"featured_media":98,"comment_status":"closed","ping_status":"closed","template":"","meta":[],"product_brand":[],"product_cat":[22],"product_tag":[33,34,32,59,37],"class_list":{"0":"post-97","1":"product","2":"type-product","3":"status-publish","4":"has-post-thumbnail","6":"product_cat-bluzy-dorosli","7":"product_tag-bez-kaptura","8":"product_tag-bez-zamka","9":"product_tag-bluza","10":"product_tag-celia","11":"product_tag-newjungle","12":"pa_color-newjungle","13":"pa_kaptur-bez-kaptura","14":"pa_kieszenie-bez-kieszeni","15":"pa_zamek-bez-zamka","17":"first","18":"onbackorder","19":"shipping-taxable","20":"purchasable","21":"product-type-simple"},"jetpack_sharing_enabled":true,"_links":{"self":[{"href":"https:\/\/www.ohoho.pl\/index.php\/wp-json\/wp\/v2\/product\/97","targetHints":{"allow":["GET"]}}],"collection":[{"href":"https:\/\/www.ohoho.pl\/index.php\/wp-json\/wp\/v2\/product"}],"about":[{"href":"https:\/\/www.ohoho.pl\/index.php\/wp-json\/wp\/v2\/types\/product"}],"replies":[{"embeddable":true,"href":"https:\/\/www.ohoho.pl\/index.php\/wp-json\/wp\/v2\/comments?post=97"}],"wp:featuredmedia":[{"embeddable":true,"href":"https:\/\/www.ohoho.pl\/index.php\/wp-json\/wp\/v2\/media\/98"}],"wp:attachment":[{"href":"https:\/\/www.ohoho.pl\/index.php\/wp-json\/wp\/v2\/media?parent=97"}],"wp:term":[{"taxonomy":"product_brand","embeddable":true,"href":"https:\/\/www.ohoho.pl\/index.php\/wp-json\/wp\/v2\/product_brand?post=97"},{"taxonomy":"product_cat","embeddable":true,"href":"https:\/\/www.ohoho.pl\/index.php\/wp-json\/wp\/v2\/product_cat?post=97"},{"taxonomy":"product_tag","embeddable":true,"href":"https:\/\/www.ohoho.pl\/index.php\/wp-json\/wp\/v2\/product_tag?post=97"}],"curies":[{"name":"wp","href":"https:\/\/api.w.org\/{rel}","templated":true}]}}